{"id":1514,"date":"2025-06-25T21:54:44","date_gmt":"2025-06-25T21:54:44","guid":{"rendered":"https:\/\/kulenslighting.com\/?post_type=product&#038;p=1514"},"modified":"2025-07-09T16:49:27","modified_gmt":"2025-07-09T21:49:27","slug":"lgrspot-lgr11sbb","status":"publish","type":"product","link":"https:\/\/kulenslighting.com\/?product=lgrspot-lgr11sbb","title":{"rendered":"LGRSpot (LGR11SBB)"},"content":{"rendered":"","protected":false},"excerpt":{"rendered":"<p>Dise\u00f1o de calidad en aluminio puro, una soluci\u00f3n de iluminaci\u00f3n moderna, innovadora y vers\u00e1til. Ideales para resaltar los elementos m\u00e1s atractivos de tus espacios, como fotograf\u00edas, pinturas y<br \/>\nm\u00e1s. Compatibles con bombillas GU10 libremente intercambiables, optimizando el consumo energ\u00e9tico. Montaje de sobreponer.<\/p>\n<p>CARACTER\u00cdSTICAS:<\/p>\n<ul>\n<li>Blanco<\/li>\n<li><strong>L\u00e1mpara: Base GU10<\/strong> (1 pieza, no incluida)<\/li>\n<li>Aluminio<\/li>\n<li>Sobreponer<\/li>\n<li>Con adaptador de 4 cables<\/li>\n<li>Dirigible<\/li>\n<li><strong>Garant\u00eda 5 a\u00f1os\u00a0<\/strong><\/li>\n<\/ul>\n<p><a href=\"https:\/\/kulenslighting.com\/wp-content\/uploads\/2025\/06\/LGR-SPOT-PROYECTOR_FICHA-TECNICA-2.pdf\" target=\"_blank\" rel=\"noopener\"><em><strong>Descarga fIcha t\u00e9cnica<\/strong><\/em><\/a><\/p>\n<pre><a href=\"https:\/\/kulenslighting.com\/?product=lamparas-gu10\"><strong>REFACCIONES DISPONIBLES<\/strong><\/a><\/pre>\n","protected":false},"featured_media":1515,"template":"","meta":{"_joinchat":[]},"product_brand":[],"product_cat":[56,79],"product_tag":[],"class_list":{"0":"post-1514","1":"product","2":"type-product","3":"status-publish","4":"has-post-thumbnail","6":"product_cat-arquitectonico","7":"product_cat-spot-arquitectonico","9":"first","10":"instock","11":"shipping-taxable","12":"product-type-simple"},"_links":{"self":[{"href":"https:\/\/kulenslighting.com\/index.php?rest_route=\/wp\/v2\/product\/1514","targetHints":{"allow":["GET"]}}],"collection":[{"href":"https:\/\/kulenslighting.com\/index.php?rest_route=\/wp\/v2\/product"}],"about":[{"href":"https:\/\/kulenslighting.com\/index.php?rest_route=\/wp\/v2\/types\/product"}],"wp:featuredmedia":[{"embeddable":true,"href":"https:\/\/kulenslighting.com\/index.php?rest_route=\/wp\/v2\/media\/1515"}],"wp:attachment":[{"href":"https:\/\/kulenslighting.com\/index.php?rest_route=%2Fwp%2Fv2%2Fmedia&parent=1514"}],"wp:term":[{"taxonomy":"product_brand","embeddable":true,"href":"https:\/\/kulenslighting.com\/index.php?rest_route=%2Fwp%2Fv2%2Fproduct_brand&post=1514"},{"taxonomy":"product_cat","embeddable":true,"href":"https:\/\/kulenslighting.com\/index.php?rest_route=%2Fwp%2Fv2%2Fproduct_cat&post=1514"},{"taxonomy":"product_tag","embeddable":true,"href":"https:\/\/kulenslighting.com\/index.php?rest_route=%2Fwp%2Fv2%2Fproduct_tag&post=1514"}],"curies":[{"name":"wp","href":"https:\/\/api.w.org\/{rel}","templated":true}]}}