{"id":1495,"date":"2025-06-25T21:41:43","date_gmt":"2025-06-25T21:41:43","guid":{"rendered":"https:\/\/kulenslighting.com\/?post_type=product&#038;p=1495"},"modified":"2025-07-09T19:12:31","modified_gmt":"2025-07-10T00:12:31","slug":"lgeecorecess-lge02eba1b","status":"publish","type":"product","link":"https:\/\/kulenslighting.com\/?product=lgeecorecess-lge02eba1b","title":{"rendered":"LGEEcoRecess (LGE02EBA1B)"},"content":{"rendered":"","protected":false},"excerpt":{"rendered":"<p>Luminario empotrado de dise\u00f1o compacto. Ideal para iluminaci\u00f3n interior en residencias, oficinas y espacios comerciales. Dando una apariencia limpia y discreta, brindando iluminaci\u00f3n puntual o general seg\u00fan la l\u00e1mpara utilizada.<\/p>\n<p>CARACTER\u00cdSTICAS:<\/p>\n<ul>\n<li>Blanco<\/li>\n<li>L\u00e1mpara: Base GU10 (1 pieza, no incluida)<\/li>\n<li>Policarbonato<\/li>\n<li>IP20 (interior)<\/li>\n<li>Dirigible 35\u00b0<\/li>\n<li>Garant\u00eda 5 a\u00f1os<\/li>\n<\/ul>\n<p><a href=\"https:\/\/kulenslighting.com\/wp-content\/uploads\/2025\/06\/LGE-ECORECESS_FICHA-TECNICA.pdf\" target=\"_blank\" rel=\"noopener\"><strong><em>Descarga ficha t\u00e9cnica<\/em><\/strong><\/a><\/p>\n<pre><a href=\"https:\/\/kulenslighting.com\/?product=lamparas-gu10\"><strong>REFACCIONES DISPONIBLES<\/strong><\/a><\/pre>\n","protected":false},"featured_media":1496,"template":"","meta":{"_joinchat":[]},"product_brand":[],"product_cat":[77,56,59],"product_tag":[],"class_list":{"0":"post-1495","1":"product","2":"type-product","3":"status-publish","4":"has-post-thumbnail","6":"product_cat-antideslumbrantes","7":"product_cat-arquitectonico","8":"product_cat-downlight","10":"first","11":"instock","12":"shipping-taxable","13":"product-type-simple"},"_links":{"self":[{"href":"https:\/\/kulenslighting.com\/index.php?rest_route=\/wp\/v2\/product\/1495","targetHints":{"allow":["GET"]}}],"collection":[{"href":"https:\/\/kulenslighting.com\/index.php?rest_route=\/wp\/v2\/product"}],"about":[{"href":"https:\/\/kulenslighting.com\/index.php?rest_route=\/wp\/v2\/types\/product"}],"wp:featuredmedia":[{"embeddable":true,"href":"https:\/\/kulenslighting.com\/index.php?rest_route=\/wp\/v2\/media\/1496"}],"wp:attachment":[{"href":"https:\/\/kulenslighting.com\/index.php?rest_route=%2Fwp%2Fv2%2Fmedia&parent=1495"}],"wp:term":[{"taxonomy":"product_brand","embeddable":true,"href":"https:\/\/kulenslighting.com\/index.php?rest_route=%2Fwp%2Fv2%2Fproduct_brand&post=1495"},{"taxonomy":"product_cat","embeddable":true,"href":"https:\/\/kulenslighting.com\/index.php?rest_route=%2Fwp%2Fv2%2Fproduct_cat&post=1495"},{"taxonomy":"product_tag","embeddable":true,"href":"https:\/\/kulenslighting.com\/index.php?rest_route=%2Fwp%2Fv2%2Fproduct_tag&post=1495"}],"curies":[{"name":"wp","href":"https:\/\/api.w.org\/{rel}","templated":true}]}}