{"id":1466,"date":"2025-06-25T20:49:44","date_gmt":"2025-06-25T20:49:44","guid":{"rendered":"https:\/\/kulenslighting.com\/?post_type=product&#038;p=1466"},"modified":"2025-07-09T18:54:03","modified_gmt":"2025-07-09T23:54:03","slug":"lgrantiglare-lgr23en","status":"publish","type":"product","link":"https:\/\/kulenslighting.com\/?product=lgrantiglare-lgr23en","title":{"rendered":"LGRAntiglare (LGR23EN)"},"content":{"rendered":"","protected":false},"excerpt":{"rendered":"<p>Bisel de aluminio de alta calidad con reflector dise\u00f1ado para minimizar el deslumbramiento directo. Compatible con l\u00e1mparas GU10 para una mayor eficiencia energ\u00e9tica.<\/p>\n<p>CARACTER\u00cdTICAS:<\/p>\n<ul>\n<li>Negro<\/li>\n<li><strong>L\u00e1mpara: Base GU10<\/strong>\u00a0(1 pieza, no incluida)<\/li>\n<li>Aluminio<\/li>\n<li>IP20 (Interior)<\/li>\n<li>\u00c1ngulo: 25\u00b0<\/li>\n<li><strong>5 a\u00f1os de garant\u00eda<\/strong><\/li>\n<\/ul>\n<p><a href=\"https:\/\/kulenslighting.com\/wp-content\/uploads\/2025\/06\/LGR-EMP-ANTIDESLUMBRANTE_FICHA-TECNICA.pdf\" target=\"_blank\" rel=\"noopener\"><strong><em>Descarga ficha t\u00e9cnica<\/em><\/strong><\/a><\/p>\n<pre><a href=\"https:\/\/kulenslighting.com\/?product=lamparas-gu10\"><strong>REFACCIONES DISPONIBLES<\/strong><\/a><\/pre>\n","protected":false},"featured_media":1324,"template":"","meta":{"_joinchat":[]},"product_brand":[],"product_cat":[77,56,59],"product_tag":[],"class_list":{"0":"post-1466","1":"product","2":"type-product","3":"status-publish","4":"has-post-thumbnail","6":"product_cat-antideslumbrantes","7":"product_cat-arquitectonico","8":"product_cat-downlight","10":"first","11":"instock","12":"shipping-taxable","13":"product-type-simple"},"_links":{"self":[{"href":"https:\/\/kulenslighting.com\/index.php?rest_route=\/wp\/v2\/product\/1466","targetHints":{"allow":["GET"]}}],"collection":[{"href":"https:\/\/kulenslighting.com\/index.php?rest_route=\/wp\/v2\/product"}],"about":[{"href":"https:\/\/kulenslighting.com\/index.php?rest_route=\/wp\/v2\/types\/product"}],"wp:featuredmedia":[{"embeddable":true,"href":"https:\/\/kulenslighting.com\/index.php?rest_route=\/wp\/v2\/media\/1324"}],"wp:attachment":[{"href":"https:\/\/kulenslighting.com\/index.php?rest_route=%2Fwp%2Fv2%2Fmedia&parent=1466"}],"wp:term":[{"taxonomy":"product_brand","embeddable":true,"href":"https:\/\/kulenslighting.com\/index.php?rest_route=%2Fwp%2Fv2%2Fproduct_brand&post=1466"},{"taxonomy":"product_cat","embeddable":true,"href":"https:\/\/kulenslighting.com\/index.php?rest_route=%2Fwp%2Fv2%2Fproduct_cat&post=1466"},{"taxonomy":"product_tag","embeddable":true,"href":"https:\/\/kulenslighting.com\/index.php?rest_route=%2Fwp%2Fv2%2Fproduct_tag&post=1466"}],"curies":[{"name":"wp","href":"https:\/\/api.w.org\/{rel}","templated":true}]}}